it of 2904266?
6
What is the ten thousands digit of 459800?
5
What is the hundred thousands digit of 2682528?
6
What is the ten thousands digit of 833579?
3
What is the hundred thousands digit of 466352?
4
What is the units digit of 139260?
0
What is the units digit of 2345503?
3
What is the tens digit of 2380958?
5
What is the hundreds digit of 816711?
7
What is the ten millions digit of 12615234?
1
What is the tens digit of 890881?
8
What is the tens digit of 257041?
4
What is the hundred thousands digit of 361909?
3
What is the tens digit of 1771052?
5
What is the ten thousands digit of 349607?
4
What is the tens digit of 1312581?
8
What is the thousands digit of 260260?
0
What is the hundred thousands digit of 9452136?
4
What is the tens digit of 4069149?
4
What is the hundred thousands digit of 21754370?
7
What is the thousands digit of 41633?
1
What is the units digit of 117754?
4
What is the ten thousands digit of 3595287?
9
What is the tens digit of 7638455?
5
What is the thousands digit of 99640?
9
What is the tens digit of 4050299?
9
What is the thousands digit of 345643?
5
What is the units digit of 732793?
3
What is the ten thousands digit of 118076?
1
What is the units digit of 271326?
6
What is the hundreds digit of 206428?
4
What is the hundreds digit of 2102607?
6
What is the thousands digit of 114153?
4
What is the hundreds digit of 11492709?
7
What is the units digit of 9789022?
2
What is the hundreds digit of 441178?
1
What is the hundred thousands digit of 286818?
2
What is the ten thousands digit of 53605?
5
What is the tens digit of 796190?
9
What is the hundreds digit of 6104851?
8
What is the ten thousands digit of 138651?
3
What is the hundreds digit of 979186?
1
What is the tens digit of 2013449?
4
What is the units digit of 7247021?
1
What is the thousands digit of 1361526?
1
What is the hundred thousands digit of 2990453?
9
What is the ten thousands digit of 23429?
2
What is the thousands digit of 278341?
8
What is the hundred thousands digit of 523201?
5
What is the thousands digit of 3997231?
7
What is the units digit of 22410?
0
What is the hundreds digit of 203276?
2
What is the ten thousands digit of 8848791?
4
What is the tens digit of 326932?
3
What is the hundreds digit of 6397607?
6
What is the hundreds digit of 5333918?
9
What is the tens digit of 199763?
6
What is the tens digit of 20478340?
4
What is the ten thousands digit of 828494?
2
What is the tens digit of 119435?
3
What is the tens digit of 27373253?
5
What is the tens digit of 3028647?
4
What is the tens digit of 122909?
0
What is the tens digit of 123431?
3
What is the hundred thousands digit of 1253212?
2
What is the thousands digit of 227908?
7
What is the thousands digit of 2548809?
8
What is the ten thousands digit of 718323?
1
What is the thousands digit of 650874?
0
What is the hundred thousands digit of 29811197?
8
What is the hundreds digit of 4255160?
1
What is the hundred thousands digit of 2759767?
7
What is the units digit of 7845531?
1
What is the ten thousands digit of 414333?
1
What is the ten millions digit of 20312180?
2
What is the tens digit of 68681?
8
What is the units digit of 4568075?
5
What is the hundred thousands digit of 3486712?
4
What is the tens digit of 11539158?
5
What is the hundreds digit of 14227247?
2
What is the hundreds digit of 496210?
2
What is the hundreds digit of 21754219?
2
What is the hundreds digit of 170896?
8
What is the thousands digit of 2406508?
6
What is the hundred thousands digit of 9968602?
9
What is the ten thousands digit of 135238?
3
What is the millions digit of 9728573?
9
What is the thousands digit of 989590?
9
What is the hundred thousands digit of 1793810?
7
What is the hundreds digit of 110884?
8
What is the tens digit of 32890?
9
What is the hundred thousands digit of 224158?
2
What is the thousands digit of 227706?
7
What is the hundred thousands digit of 29003541?
0
What is the hundred thousands digit of 7870687?
8
What is the units digit of 642504?
4
What is the hundreds digit of 988406?
4
What is the thousands digit of 331286?
1
What is the ten thousands digit of 5106715?
0
What is the hundreds digit of 2742666?
6
What is the units digit of 243475?
5
What is the ten thousands digit of 96771?
9
What is the thousands digit of 3496733?
6
What is the hundreds digit of 926776?
7
What is the thousands digit of 916756?
6
What is the tens digit of 1016650?
5
What is the ten thousands digit of 392230?
9
What is the thousands digit of 610020?
0
What is the ten thousands digit of 8357484?
5
What is the tens digit of 281075?
7
What is the ten thousands digit of 2261572?
6
What is the hundreds digit of 197495?
4
What is the ten thousands digit of 1029869?
2
What is the hundred thousands digit of 4922490?
9
What is the tens digit of 210800?
0
What is the hundred thousands digit of 317895?
3
What is the hundred thousands digit of 212547?
2
What is the thousands digit of 294488?
4
What is the hundreds digit of 925444?
4
What is the millions digit of 24943967?
4
What is the ten thousands digit of 70181?
7
What is the ten millions digit of 21772531?
2
What is the hundreds digit of 114050?
0
What is the ten thousands digit of 149663?
4
What is the ten thousands digit of 608091?
0
What is the hundreds digit of 353818?
8
What is the units digit of 10362124?
4
What is the millions digit of 1992364?
1
What is the ten millions digit of 10292542?
1
What is the thousands digit of 2742600?
2
What is the units digit of 55442?
2
What is the tens digit of 230196?
9
What is the ten thousands digit of 198792?
9
What is the hundreds digit of 199077?
0
What is the thousands digit of 344742?
4
What is the ten thousands digit of 798454?
9
What is the hundreds digit of 330456?
4
What is the units digit of 908676?
6
What is the units digit of 20223370?
0
What is the hundreds digit of 1032658?
6
What is the hundred thousands digit of 2775149?
7
What is the thousands digit of 987810?
7
What is the tens digit of 1170599?
9
What is the ten thousands digit of 890600?
9
What is the units digit of 24206777?
7
What is the ten thousands digit of 2183770?
8
What is the hundreds digit of 183309?
3
What is the ten thousands digit of 19900807?
0
What is the thousands digit of 1096476?
6
What is the thousands digit of 109008?
9
What is the ten thousands digit of 19295152?
9
What is the thousands digit of 5482797?
2
What is the units digit of 79255?
5
What is the thousands digit of 2154544?
4
What is the ten thousands digit of 10142948?
4
What is the hundred thousands digit of 17877419?
8
What is the tens digit of 3560077?
7
What is the hundreds digit of 1701164?
1
What is the ten thousands digit of 332025?
3
What is the tens digit of 726297?
9
What is the units digit of 27214595?
5
What is the units digit of 1036364?
4
What is the thousands digit of 3127317?
7
What is the thousands digit of 89076?
9
What is the units digit of 2766373?
3
What is the thousands digit of 4591452?
1
What is the hundred thousands digit of 5840012?
8
What is the ten thousands digit of 3564840?
6
What is the tens digit of 50900?
0
What is the millions digit of 3377585?
3
What is the thousands digit of 756273?
6
What is the hundreds digit of 780660?
6
What is the hundreds digit of 46246?
2
What is the ten thousands digit of 12481257?
8
What is the thousands digit of 18053442?
3
What is the tens digit of 758927?
2
What is the hundreds digit of 1027908?
9
What is the hundreds digit of 578769?
7
What is the units digit of 5479522?
2
What is the thousands digit of 1821817?
1
What is the hundreds digit of 33087837?
8
What is the units digit of 6078121?
1
What is the units digit of 40129?
9
What is the hundred thousands digit of 213475?
2
What is the thousands digit of 100408?
0
What is the thousands digit of 281395?
1
What is the ten millions digit of 20016355?
2
What is the ten thousands digit of 872647?
7
What is the tens digit of 511868?
6
What is the ten thousands digit of 433398?
3
What is the units digit of 2892254?
4
What is the tens digit of 2602862?
6
What is the tens digit of 39257210?
1
What is the tens digit of 963745?
4
What is the hundred thousands digit of 18019740?
0
What is the units digit of 7827101?
1
What is the units digit of 8275024